e units digit of t?
7
Let j be 2/4*4 - -16. Suppose -2*b + 30 = 3*a - b, 3*b = -a + j. What is the units digit of a?
9
Let a(w) = -w**3 - 7*w**2 - 5*w + 8. Let v be 4/6 - 116/12. Let c = -15 - v. What is the units digit of a(c)?
2
Let m = -232 - -334. What is the hundreds digit of m?
1
Suppose r = 2*r. Suppose 0 = 3*a - 5*w - 26, 0 = -3*a - r*w + 2*w + 41. Suppose -2*j + a = -3*y, -2*j - j - 2*y + 19 = 0. What is the units digit of j?
7
Let t = 4 - 4. Let p be 2 + 1 + (1 - t). Suppose -p = 2*s, -18 = -b + 6*s - s. What is the units digit of b?
8
Let s = -5 + 10. Suppose s*f - 2*f = 4*n - 59, n + f = 6. Suppose 3*u = n + 1. What is the units digit of u?
4
Suppose 2*p + 2*o - 2 = 0, 2*p + o = -2*o + 2. Let f be (1/(1/10))/p. Suppose -5*t + 35 = f. What is the units digit of t?
5
Suppose -2*w + 209 = 3*t, 3*w = 3*t - 235 + 46. What is the units digit of t?
7
Let o = -3 - -5. Suppose 0 = -o*f - 10, -3*f = 4*z - 5*f - 14. Suppose -5*u = -4*r - z, -1 - 1 = -5*u + 3*r. What is the units digit of u?
1
Suppose -3*d - 2*d - 292 = -4*p, 0 = 5*d - 5*p + 290. Let w = -29 - d. What is the units digit of w?
1
Let a(s) = -s**3 - 4*s**2 + 5*s + 2. Let x be a(-5). Let m = 6 - x. Suppose m*o + 13 + 13 = 2*f, -4*f - o = -34. What is the units digit of f?
9
Suppose 4*g = -4*i - 2 + 6, -g + i = 1. Suppose 40 = -g*q + 5*q. What is the units digit of q?
8
Let m(z) = -5*z**3 - 4*z**2 - 5*z. Let q(o) = o**3 + o**2 + o. Let j be 1 + -3 - 4/2. Let p(w) = j*q(w) - m(w). What is the units digit of p(1)?
2
Let n be 6/5 - 1/5. Let h = 1 - n. Suppose -5 = -h*j - j. What is the units digit of j?
5
Let m(s) = s**3 + 7*s**2 - 3*s - 9. Let a = 32 + -11. Suppose -a = x + 2*x. What is the tens digit of m(x)?
1
Let n be 3/(-2)*(-2 + 0). Suppose -n*k + 2*k = -3. What is the units digit of k?
3
Let d = 656 + -401. What is the tens digit of d?
5
Let h(a) be the third derivative of 11*a**5/15 - a**4/24 - 9*a**2. What is the tens digit of h(-1)?
4
Let z(h) = -h**2 + 3*h. Let q be z(4). Let x(u) = u - 3. Let r be x(-9). Let w = q - r. What is the units digit of w?
8
Let r be -2 + 1/(3/12). Suppose -5*c - 3*q = -r*q + 23, 3*c + q = -15. Let k(v) = v**3 + 4*v**2 + 5. What is the units digit of k(c)?
5
Let p(q) = 4*q**2 + 7*q + 11. What is the units digit of p(-5)?
6
Suppose 5*w + 14 = 44. Suppose -2*o + 4 = -w. Suppose -o*i + 2 = -3. What is the units digit of i?
1
Let t = -3 + 6. Let j = t + -5. Let p = j - -6. What is the units digit of p?
4
Let v = -7 + 2. Let r be (-1 + 0)*-2 + v. Let j(b) = b**3 + 4*b**2 + 4*b + 4. What is the units digit of j(r)?
1
Let i(o) = o**3 - 2*o**2 - o - 2. Suppose -d - 5*z - 21 = 0, -4*z + 19 = d - 7*z. Suppose -23 = -s - d*t, s + 5*t - 18 = 2*t. What is the units digit of i(s)?
4
Let u = -1 + 9. Suppose 4*x - 44 = -3*r, 3*r + 12 + u = 4*x. Suppose -x = -2*q + 6. What is the units digit of q?
7
Let z = 189 + 9. What is the hundreds digit of z?
1
Let r(s) = s**3 - 2*s**2 - 4*s - 5. Let g(t) = -3*t**3 + 5*t**2 + 9*t + 11. Let n(j) = 2*g(j) + 5*r(j). What is the units digit of n(-2)?
9
Let i = 59 - -28. Suppose j = -j - 2*h + 54, 3*j = 3*h + i. What is the units digit of j?
8
Let t = 9 - 5. Suppose -t*j - 2*v + 19 = 7, j + 2*v = 9. Suppose j = -2*z + 3*z. What is the units digit of z?
1
Suppose -5*z = 17 + 18. Let g be z - -9 - (1 + -1). What is the tens digit of ((-32)/12)/(g/(-9))?
1
Suppose -l = -0 - 2. Suppose 28 = -l*w + 4*w. What is the tens digit of w?
1
Suppose g = x, 5*x - 2*g - 30 = -7*g. Let s = 2 - x. Let j = 8 - s. What is the units digit of j?
9
Let i(w) = 9*w + 5. Let r(j) = -8*j - 6. Let a(y) = -3*i(y) - 2*r(y). What is the units digit of a(-2)?
9
Suppose -3*x - 2*x + 190 = 0. Let u = x + -19. What is the units digit of u?
9
Let q(k) be the third derivative of -k**4/24 + k**3/2 + k**2. Let z be q(0). Suppose -3*r + 5*s + 25 = -2*r, -3*r + z = 3*s. What is the units digit of r?
5
Suppose -2*l = 36 - 164. What is the units digit of l?
4
Suppose 0 = -2*s + 10, -3*s = 5*r - 5*s - 430. What is the units digit of r?
8
Let d(t) = t - 1. Let r be d(2). Suppose 3*o - 8 = r. Suppose -3*n + 4*b = -n - 10, o*n - 5 = b. What is the units digit of n?
1
Suppose 2*z - 326 = 2*t, 2*z = 5*t + 163 + 151. What is the tens digit of z?
6
Suppose 6*i - 20 = 3*i - 2*p, 3*p + 6 = 0. What is the units digit of i?
8
Let b = 24 + -24. Suppose b = -6*a + a + 80. What is the units digit of a?
6
Let t(n) = 2*n**2 + 6*n - 14. What is the tens digit of t(-7)?
4
Suppose -4*m = -5*h + 143, -h - 4*m + 28 = -5*m. What is the units digit of h?
1
Let c = 10 - 5. Suppose 0 = -2*r + 2*s - 2, 5*s - s + 5 = -c*r. What is the units digit of (-5)/10*(r + -7)?
4
Let r = 10 + -6. Suppose -5*b = -u + 38, -29 = r*b + 3*u + 9. What is the units digit of (b/(-5))/(4/10)?
4
Let j(z) = -z**3 + 2*z + 2. Suppose n - 4 = -3. Let d = -3 + n. What is the units digit of j(d)?
6
What is the tens digit of 0*(-2)/(-6) - -48?
4
Suppose -1 = p, 4*p + 6 = -o + 4. Let b = 4 + -3. What is the units digit of (b/o)/(1/14)?
7
Suppose -2*z + z = -2. Suppose 5*b - 73 = b + 5*p, -b + 2 = z*p. What is the tens digit of b?
1
Let s(j) = -j**2 - 12*j + 16. Suppose -2*q = 2*z - 0*z + 2, 2*z - 4*q = 10. Let n be z/(-2) + 69/(-6). What is the tens digit of s(n)?
1
Let r = 13 + 43. What is the tens digit of r?
5
Suppose -96 - 344 = -5*w. What is the tens digit of w?
8
Suppose 3*d - 31 - 251 = -5*p, -4*d - p + 376 = 0. What is the units digit of d?
4
Let a(x) = -x**3 - 23*x**2 - 5*x + 19. What is the tens digit of a(-23)?
3
Suppose 2*g - 2*p - 11 = -5*p, -3*p - 9 = -3*g. Let u be (-3 + g)*(-1 + 1). Let c = 6 - u. What is the units digit of c?
6
Let p be (-3)/(-2 + 2/4). Let w = -2 + p. What is the units digit of (-8 + -2)/(w + -2)?
5
Let l(g) = -8*g - 1. What is the tens digit of l(-3)?
2
Let c(r) = r**2 + 6*r + 4. Let k be c(-5). Let a be (k/(-3))/((-2)/(-12)). What is the units digit of ((-1)/a)/((-1)/16)?
8
Let u = -2 + 5. Suppose -23 = -3*q + o + 8, 2*o = -u*q + 19. Suppose -3*f + 4*v = -q, -f + 2*v + 19 = 6*v. What is the units digit of f?
7
Let b be 96/(-9) - 1/3. What is the units digit of 2/3*b*-3?
2
Suppose 41 - 14 = u. What is the units digit of u?
7
Suppose 5*b = -3*w + 114, 2*b - 36 = -0*w + 2*w. Suppose 3*l = b + 3. Suppose l*i - 7*i - 17 = 0. What is the units digit of i?
7
Let g(p) = 4*p**2 + 3*p + 4. Let n be g(-4). Suppose 3*z - n + 15 = -4*b, 0 = -2*z + 4*b - 6. Suppose -i + 0*i = -z. What is the units digit of i?
7
Suppose -2*f = 2*f. Suppose f*z = z. Suppose 3*t + 2*d - 11 = 3*d, t + d + 3 = z. What is the units digit of t?
2
Let v(d) = 2*d + 40. What is the tens digit of v(24)?
8
Let c be (-3)/9*4*-60. Suppose 0 = -q - t + 17, -3*q - 2*q - 4*t + c = 0. What is the tens digit of q?
1
Suppose l = 2*l + 3*x - 2, -5*l = -3*x - 64. Let t(j) = 3*j - 10. What is the tens digit of t(l)?
2
Let r be ((-423)/18)/(2/(-4)). Let f = -16 + r. What is the units digit of f?
1
Let z be (-780)/(-2)*8/20. What is the units digit of z/15 + 4/(-10)?
0
Suppose 84 = -4*o - 5*g, -2*o - g - 4 = 38. Let l be 6/o + 18/14. Suppose 2*h - i + 4*i + l = 0, 3*h - 2*i = 31. What is the units digit of h?
7
Let m = -62 + 109. What is the units digit of m?
7
Let s = 33 + -20. What is the units digit of s?
3
Let i(w) = w**2 - 5*w + 6. Let o be i(4). Let f be (-10)/(-4)*8/10. Suppose -n + 27 = f*m + o*n, -5*n + 5 = 0. What is the tens digit of m?
1
Suppose o - 4*o = 2*h - 7, 0 = -5*o + 2*h + 1. Let q be o + (1 - 0 - 2). Suppose -4 = -2*k - q*k. What is the units digit of k?
2
Let u be -1*((0 - 3) + 1). Suppose 0 = 4*r + j - 12, -u*r - 2 = -j - 14. Suppose -7*p + r*p = -24. What is the units digit of p?
8
What is the tens digit of (-41)/((-1 + 0 + 2)*-1)?
4
Suppose -5*p + 24 = -4*p. What is the tens digit of p?
2
Let j(z) = z**3 - 4*z**2 + 3*z + 2. Let f be j(3). Suppose 5*d = -4*b + 49, 2*b = -d + f*d + 7. What is the units digit of b?
6
Let n(b) = -b**3 - 6*b**2 + 7*b + 1. Let g be n(-7). Suppose 5*o - 45 = -5*w, 0 = 5*w + 2*o - o - 57. Let j = w + g. What is the tens digit of j?
1
Suppose 6*u = 3*l + u - 39, 0 = -3*l - 3*u + 63. What is the tens digit of l?
1
Let l(z) = z - 1 + 2 - 3*z. Let n be l(-2). Suppose n*j - 5 = -0. What is the units digit of j?
1
Let i(h) = -5*h**3 - h**2 - 2*h + 1. Let m be i(-2). Suppose 3*d - 4 = m. Let b = d